 + 4*g + 44. Calculate the remainder when g is divided by p.
9
Suppose -8*d = -0 - 16. What is the remainder when 15 is divided by d?
1
Suppose -4*j = -3*y - y, 0 = 3*y - 15. Suppose -l = 2*k - 23, -j*l = -2*k - 2*k - 157. What is the remainder when l is divided by 10?
9
Let x(s) = s**2 + 3*s - 23. Let l(w) = -w**3 + 7*w**2 + 2*w - 3. Calculate the remainder when x(-11) is divided by l(7).
10
Let b be -2*(-3 + -2) + 1. Suppose -p - b = -46. Calculate the remainder when p is divided by 17 + 4/8*2.
17
Let m(p) = -p**2 + 10*p - 3. What is the remainder when 85 is divided by m(5)?
19
Let y(u) = u**3 - 4*u**2 - 6*u - 4. Let t be y(5). Let j be 4/6*t/(-6). What is the remainder when 15 is divided by -2 + -1 + j - -10?
7
Suppose -4*b + 1 + 7 = 0. Suppose 3*l - 11 = -4*p, -5 = -l + b*l - 3*p. Calculate the remainder when 1/(2/30*l) is divided by 8.
7
Suppose -3*h + 12 = 3*p, 4*p - 2*p + 6 = 0. Suppose 0 = -u + 14 - 1. Calculate the remainder when u is divided by h.
6
Suppose 0 = -n - 4 + 8. What is the remainder when n is divided by 2?
0
Suppose 1 = y - 4. Calculate the remainder when y is divided by 2 - (1 - -1) - -2.
1
Suppose 3*m + 3*d - 234 = 0, -m - 5*d - 102 = -2*m. Calculate the remainder when m is divided by 17.
14
Let i = 26 - -20. What is the remainder when i is divided by 7?
4
Let v(t) = -t - 5. Let i be v(-9). Suppose 0 = -i*a + 60 + 24. What is the remainder when 83 is divided by a?
20
Let h(j) = 5*j + 3. Calculate the remainder when h(6) is divided by -5 + 4 + -2 + 15.
9
Let r be (0 + -2)*12/(-3). Let y be 2/r + 134/8. Suppose -13 - y = -5*v. What is the remainder when 21 is divided by v?
3
Suppose y = 49 - 1. Suppose 3*m - m = y. Suppose 3*a = -x - 3*x + 16, -m = -2*a + 4*x. Calculate the remainder when 15 is divided by a.
7
Calculate the remainder when 71 is divided by (3 - 24/9)*111.
34
Let z(x) = -x**3 + 7*x**2 - 2*x + 7. Calculate the remainder when z(6) is divided by 8.
7
Let l(x) = x**3 + 7*x**2 + 2*x - 3. Suppose -2*b - 2*b + 2*u = -4, -b - 3*u = -1. Suppose 5*q - 56 + b = 0. What is the remainder when l(-6) is divided by q?
10
Let k(c) = -3*c - 6. Let r(q) = -2*q - 3. Let v(o) = 5*k(o) - 9*r(o). Calculate the remainder when v(4) is divided by 5.
4
Let p(v) = v**2 + 5*v - 4*v + 2*v - 7. Let y be p(-5). Calculate the remainder when (-3)/(171/60 - y) is divided by 7.
6
Let c(q) = -q**3 + q + 17. Calculate the remainder when c(0) is divided by (-248)/(-24) - (2 - 10/6).
7
Suppose 6*n - 6 = 3*n. Suppose -n*z = z - 36. Calculate the remainder when 35 is divided by z.
11
Let o = 48 + -28. What is the remainder when 79 is divided by o?
19
Let y(q) = -21*q + 11. Let n(a) = -14*a + 7. Let d(r) = 8*n(r) - 5*y(r). Let s = -10 + 33. What is the remainder when s is divided by d(-1)?
7
Let t = 54 - 39. What is the remainder when 59 is divided by t?
14
Suppose 51 = 4*m + 5*q, -5*m + 25 + 46 = -q. What is the remainder when 37 + (-3 - (-5 - 1)) is divided by m?
12
Let z(r) = 4*r - 6. Calculate the remainder when 21 is divided by z(3).
3
Let a(l) = -2*l + 7. Let w be a(13). Let x = -1 - w. What is the remainder when 69 is divided by x?
15
Let o(w) = w + 8. What is the remainder when 5 is divided by o(-4)?
1
What is the remainder when (-22)/(-4 + 2) + 3 is divided by 4?
2
Let x be (-2 - 1) + 2 + 5. Suppose 0*p = -2*n + x*p + 100, 0 = -3*n + p + 130. Calculate the remainder when n is divided by 15.
12
Suppose -j = -2*b + 3, 3*b = -5*j + 1 + 23. Suppose -6 = -5*w - 3*g, -2 - 4 = j*w + 5*g. What is the remainder when 5 is divided by w?
2
Let u(x) = 4*x**2 - 3*x - 5. Calculate the remainder when 31 is divided by u(-2).
14
Let q(h) be the first derivative of 5*h**2/2 + h + 1. Calculate the remainder when (-1 - 0/(-2)) + 33 is divided by q(2).
10
Suppose -z = v - 55, 0 = -v + z + 65 - 2. Let l = 19 - 15. Let f(c) = c**3 - 3*c**2 + 2*c - 4. Calculate the remainder when v is divided by f(l).
19
Suppose -4*c + 97 = -0*r + r, 3*c - 2*r = 59. What is the remainder when c is divided by 4?
3
Let f(m) = 2*m - 14. Suppose -2*q + 4*q - 58 = 0. Calculate the remainder when q is divided by f(12).
9
Suppose -63 = 13*h - 16*h. What is the remainder when h is divided by 8?
5
Let s(l) = 9*l - 2. Suppose 2*i + 3*y - 2*y - 19 = 0, -14 = -2*i - 2*y. What is the remainder when i is divided by s(1)?
5
Let j(b) = 15*b**2 + 31*b + 10. Let t(v) = -7*v**2 - 15*v - 5. Let k(a) = 6*j(a) + 13*t(a). What is the remainder when k(-6) is divided by (9 - -2) + 0 + -4?
6
Let t = 448 + -282. Let q = -31 + t. Suppose 7*z - q = 2*z - 5*u, -5*u - 21 = -z. Calculate the remainder when z is divided by 14.
12
Suppose -10 - 114 = -4*m + 4*a, 2*m + a - 65 = 0. What is the remainder when m is divided by 18?
14
Let m(y) = y + 9. Let s(z) = -3*z - 1 + 1 - 1. Calculate the remainder when m(13) is divided by s(-3).
6
Suppose -14*l = 4*l - 468. Calculate the remainder when 177 is divided by l.
21
Let g(u) = 6*u**2 + 11*u + 9. Let i(o) = 13*o**2 + 23*o + 19. Let n(d) = 9*g(d) - 4*i(d). Calculate the remainder when 15 is divided by n(-4).
6
Let c = 12 + 0. Suppose 0 = -5*b - 15, -3*g + b = 5*b + 246. Let p = g + 112. What is the remainder when p is divided by c?
10
Let t = 70 + -27. What is the remainder when t is divided by -1 + 0 + 4*3?
10
Suppose 14 = 2*u - u. Let s(y) = 2*y**2 + 11*y - 9. What is the remainder when s(-9) is divided by u?
12
Let r(j) = 3*j + 4. Let k be r(-4). What is the remainder when ((-33)/(-4))/((-33)/(-88)) is divided by 172/14 - k/(-28)?
10
Suppose 1 - 4 = -3*p. Suppose -2*a = -p - 3. Suppose 2*q - 3*b = 7, 3 = q + 5*b + 6. Calculate the remainder when a is divided by q.
0
Let s be (-894)/(-18) + 2/6. Suppose 4*x = 2*x + s. What is the remainder when 72 is divided by x?
22
Let p be (-170)/15*(-3)/2. Calculate the remainder when 57 is divided by p + -6 + (-4)/(-1).
12
Let u = -23 - -30. Calculate the remainder when u is divided by 9*1*(-4)/(-12).
1
Let d be 1632/28 + (-4)/14. Suppose 5*h - d = 37. What is the remainder when h is divided by 7?
5
Let o(v) = -13*v**3 - v**2 - v. Suppose -4*r + 64 = 4*t - 72, 0 = -4*t - 3*r + 139. Calculate the remainder when t is divided by o(-1).
11
What is the remainder when 42 is divided by (180/(-40))/((-2)/4)?
6
Suppose -96 = -o + 6*z - z, 3*z + 3 = 0. Calculate the remainder when o is divided by 31.
29
Let d be 1*(-1 - (2 - 3)). Let j be 1/4 + 55/4. Suppose 2*m - m - j = d. Calculate the remainder when 27 is divided by m.
13
Suppose 3*w = -0*w - 60. Let q be (-832)/w - (-2)/5. Suppose 0 = 2*s - d - 4*d - 14, 3*s + 3*d = q. What is the remainder when 35 is divided by s?
11
Suppose -26 + 75 = 5*o + 2*w, -3*w - 21 = -3*o. Let m(x) = x**3 - 6*x**2 + 2. Let t be m(6). What is the remainder when o is divided by 7 - 1/(t/4)?
4
Let a(d) be the first derivative of 15*d**4/2 - 3*d**2/2 + 2*d + 2. Calculate the remainder when a(1) is divided by 10.
9
What is the remainder when 8 is divided by ((-2)/(-9)*3)/(4/18)?
2
Suppose -a = -6 - 2. Suppose 0 = s + 1. What is the remainder when 24 - (2 - (-1 - s)) is divided by a?
6
Let g(u) = 3*u + 2. Suppose -14 = -4*j + 34. Suppose 4*t - j = 24. What is the remainder when g(5) is divided by t?
8
Let j = 3 + 2. Let m(t) = 3*t - 3. Calculate the remainder when 34 is divided by m(j).
10
Let l = -22 - -37. Suppose 0 = -5*j + 12 + 28. Calculate the remainder when l is divided by j.
7
Let i(g) = -g + 7. Let l(p) = 1. Let f(y) = i(y) - 5*l(y). What is the remainder when 13 is divided by f(-3)?
3
Let x(n) = -n**2 + 4*n + 77. Calculate the remainder when x(0) is divided by 10.
7
Suppose -5*o + 5 = -20. Calculate the remainder when o is divided by 3.
2
What is the remainder when 53 is divided by ((-42)/3)/(1/(-3)*3)?
11
Let z = -104 - -133. What is the remainder when z is divided by 1*(16 - (-1 + 1))?
13
Suppose -i = -3*i + 20. Calculate the remainder when 6/(-14) + 816/42 is divided by i.
9
Let r = -13 - -18. Let s = -3 - -6. What is the remainder when r is divided by (-8)/(-3) - (-1)/s?
2
Let f = 7 - 6. Let n = f - 1. Suppose n*k + 4*k - 4*i = 44, 5*k + 3*i = 31. What is the remainder when k is divided by 3?
2
Let m(c) = -c**3 - 6*c**2 - 4*c - 9. Suppose 44 = 5*y - 4*a - 30, 5*y = -5*a + 65. Let s = y - -14. What is the remainder when s is divided by m(-6)?
13
Let u be 58/18 - (-32)/(-144). Suppose 3*j = -4*g + 107